 + 1. Determine z(2).
-3
Let j(i) = 2268*i**2 + 83*i - 84. Calculate j(1).
2267
Let g(c) = 2*c**2 + 36*c + 2. Calculate g(10).
562
Let u(j) = -14438*j - 389856. Calculate u(-27).
-30
Let m(w) = w**3 - 3*w**2 + 432*w - 1279. Calculate m(3).
17
Let j(r) = 216*r**2 - 436*r - 39. Determine j(2).
-47
Let c(s) = 170457*s - 32898197. What is c(193)?
4
Let y(s) = -26*s**3 - 1091*s**2 + 46*s + 177. Give y(-42).
9
Let w(s) = 53907*s - 215627. What is w(4)?
1
Let s(v) = -425*v - 55068. Give s(-136).
2732
Let m(j) = -68*j**2 - 355*j - 68. Give m(-5).
7
Let p(c) = -c**2 - 1577*c + 274122. Give p(158).
-8
Let t(d) = d**3 + 63*d**2 + 456*d + 81. Calculate t(-9).
351
Let r(k) = -k**3 - 39*k**2 + 62*k - 2644. Determine r(-42).
44
Let b(f) = -f**2 + 1606*f + 47465. Determine b(-29).
50
Let k(s) = 34*s**2 - 1372*s - 889. Give k(41).
13
Let d(w) = 27*w**2 + 1379*w + 1443. Calculate d(-50).
-7
Let i(r) = -r**2 + 6669*r - 113100. Give i(17).
-16
Let l(y) = 2804*y + 86946. Determine l(-31).
22
Let v(c) = -389*c + 49262. Give v(127).
-141
Let i(p) = 737*p - 40706. Determine i(57).
1303
Let w(i) = 3*i**2 + 117243*i - 234503. Calculate w(2).
-5
Let m(t) = -514*t**2 + 1049*t - 54. Give m(2).
-12
Let x(y) = -9*y**2 - 82*y + 598. Give x(-13).
143
Let i(l) = 3*l**3 + 171*l**2 - 642*l - 2973. What is i(6)?
-21
Let c(b) = -4*b**3 + 272*b**2 + 559*b + 61. Give c(70).
-9
Let u(g) = -38515*g - 539221. What is u(-14)?
-11
Let g(t) = 3714*t - 1010179. Determine g(272).
29
Let j(k) = k**3 + 50*k**2 - 62*k - 3224. What is j(-50)?
-124
Let s(v) = 7293*v + 219487. Determine s(-30).
697
Let g(j) = j**3 - 49*j**2 + 522*j + 79. Calculate g(33).
-119
Let t(x) = 33850*x + 1523237. What is t(-45)?
-13
Let a(t) = 3*t**3 + 87*t**2 - 146*t - 1157. What is a(-30)?
523
Let f(n) = n**3 + 39*n**2 + 74*n + 374. What is f(-35)?
2684
Let x(c) = 858*c - 42001. Determine x(49).
41
Let f(b) = -1625*b + 9787. What is f(6)?
37
Let h(q) = q**3 + 74*q**2 - 374*q + 2731. What is h(-79)?
1072
Let r(f) = -f**3 - 11*f**2 + 323*f - 115. Determine r(13).
28
Let l(h) = h**2 - 1318*h + 203866. Calculate l(179).
-15
Let n(m) = -5802*m + 1479498. Give n(255).
-12
Let p(c) = 321*c + 8345. Determine p(-26).
-1
Let p(s) = 131*s - 6781. Determine p(49).
-362
Let k(a) = 10*a**2 + 25766*a + 51536. Give k(-2).
44
Let k(d) = -5*d**3 + 82*d**2 - 289*d + 162. Give k(4).
-2
Let t(f) = 2*f**3 - 89*f**2 + 74*f + 293. Determine t(44).
1613
Let r(n) = 133*n**2 - 2531*n + 92. Determine r(19).
16
Let y(u) = -u**3 + 78*u**2 + 4726*u - 758. Calculate y(118).
-50
Let g(w) = -457*w + 22373. Determine g(49).
-20
Let k(a) = -a**3 - 14138*a**2 + 42410*a + 19. What is k(3)?
-20
Let k(g) = 572*g + 2214. Determine k(-4).
-74
Let n(k) = -k**2 + 501300*k - 3007761. Determine n(6).
3
Let q(v) = 170845*v + 14692659. Calculate q(-86).
-11
Let w(b) = -6*b**2 - 260*b + 9164. What is w(23)?
10
Let h(g) = -3819*g + 11556. Give h(3).
99
Let r(a) = -9*a**3 + 116*a**2 - 13*a - 26. What is r(11)?
1888
Let g(w) = 1657*w - 107681. Calculate g(65).
24
Let c(l) = -3*l**2 - 4264*l + 216019. What is c(49)?
-120
Let t(h) = -3*h**3 + 100*h**2 + h - 488. What is t(33)?
634
Let b(s) = 1395*s + 11082. Give b(-8).
-78
Let t(c) = -c**3 - 4551*c**2 + 45723*c - 1130. Give t(10).
0
Let z(o) = 970*o - 4255. Determine z(5).
595
Let p(z) = -418*z - 7329. Determine p(-17).
-223
Let y(d) = -8*d**2 - 242*d + 46. Determine y(-18).
1810
Let a(x) = 11*x**3 - 72*x**2 - 51*x + 21. Determine a(7).
-91
Let x(t) = -t**3 + 28*t**2 - 813*t + 7932. Determine x(13).
-102
Let l(c) = -c**3 + 6*c**2 - 2761*c + 11018. Calculate l(4).
6
Let n(l) = -l**3 + 626*l**2 + 8323*l - 10209. Give n(639).
15
Let h(b) = 70756*b - 5306703. Calculate h(75).
-3
Let v(k) = -3*k**2 - 21314*k + 63951. Give v(3).
-18
Let y(k) = 2*k**3 - 72*k**2 + 34*k - 1238. Give y(36).
-14
Let d(t) = -75*t + 3746. Calculate d(46).
296
Let g(w) = -162*w + 6876. Calculate g(58).
-2520
Let t(c) = 1201620*c + 10814579. Calculate t(-9).
-1
Let h(q) = 4*q**2 + 40*q - 4757. Calculate h(-41).
327
Let c(k) = 254*k + 7645. What is c(-29)?
279
Let l(o) = -353*o - 1837. Give l(-5).
-72
Let l(c) = 27*c**2 - 113*c - 165. What is l(5)?
-55
Let i(o) = -986*o**3 + 29583*o**2 - 82*o + 9. Give i(30).
249
Let j(u) = -6*u**2 - 9108*u + 460689. Calculate j(49).
-9
Let h(k) = -k**2 + 134272*k - 4161475. Give h(31).
-4
Let b(f) = -f**3 - 136*f**2 - 102*f + 3997. Give b(-135).
-458
Let b(q) = q**2 - 362*q - 24746. Calculate b(-59).
93
Let w(c) = -3712*c - 37196. Give w(-10).
-76
Let a(t) = t**2 - 53407*t - 9161852. Determine a(-171).
-14
Let w(q) = -244*q + 19536. Calculate w(82).
-472
Let f(x) = -10*x**2 - 98*x + 48. Give f(-11).
-84
Let u(r) = -r**3 + 169*r**2 - 2303*r - 1119. Give u(154).
-41
Let p(g) = -978*g + 1084. Calculate p(2).
-872
Let q(h) = -4828*h + 782097. Determine q(162).
-39
Let o(m) = m**3 - 103*m**2 + 615*m + 484. Give o(7).
85
Let j(o) = 309*o - 12499. Calculate j(40).
-139
Let m(c) = 604*c - 11331. Give m(19).
145
Let m(q) = -829*q - 31914. Give m(-40).
1246
Let x(w) = w**3 - 405*w**2 + 2395*w - 27. Determine x(6).
-21
Let f(l) = l**3 + 588*l**2 - 28486*l - 674. What is f(-633)?
-41
Let m(v) = v**3 + 20*v**2 + 68*v + 124. Calculate m(-16).
60
Let a(j) = 10*j**3 - 38*j**2 + 280*j - 1142. Calculate a(4).
10
Let y(s) = -2*s**2 + 263*s + 2439. What is y(-10)?
-391
Let c(q) = 40*q**3 + 281*q**2 - 371*q - 2606. Determine c(-7).
40
Let m(l) = 3*l**2 - 79*l - 20224. Calculate m(-70).
6
Let l(w) = 60130*w - 15212885. Determine l(253).
5
Let k(c) = -10358*c**2 - 51794*c - 53. Calculate k(-5).
-33
Let o(p) = p**3 - 415*p**2 - 2221*p + 1258408. Determine o(413).
-3
Let g(r) = -r**3 - 94*r**2 - 358*r + 402. What is g(-5)?
-33
Let t(a) = a**2 - 639*a + 100523. Give t(359).
3
Let c(x) = 1151*x - 99182. Give c(86).
-196
Let a(l) = -4086*l**3 - l**2 + 45*l - 42. Give a(1).
-4084
Let i(y) = -2*y**2 + 197*y - 3630. Calculate i(20).
-490
Let f(z) = -64492*z - 4901394. Determine f(-76).
-2
Let f(i) = 104431*i + 208874. What is f(-2)?
12
Let m(c) = 4*c**2 + 8150*c - 139697. Calculate m(17).
9
Let k(p) = -22*p**2 - 351*p - 1060. Give k(-3).
-205
Let k(p) = -2*p**2 - 1078*p + 25785. Determine k(23).
-67
Let x(i) = -i**3 + 618*i**2 - 595*i - 13569. Give x(617).
5
Let a(t) = 2*t**2 - 405*t - 2059. Give a(202).
-2261
Let k(f) = -1428*f**2 + 15505*f + 2233. Give k(11).
0
Let b(k) = 26*k + 151. What is b(30)?
931
Let y(t) = t**3 + 24*t**2 + 122*t + 115. What is y(-10)?
295
Let b(a) = -a**3 + 28*a**2 + 791*a - 1172. Give b(45).
-2
Let r(o) = 5*o**2 + 149*o + 414. What is r(-27)?
36
Let h(l) = -4*l**3 - 36*l**2 + 417*l + 4828. Give h(-12).
1552
Let n(p) = 753*p - 8638. What is n(13)?
1151
Let h(w) = 11*w**3 - 255*w**2 - 1598*w + 1854. What is h(1)?
12
Let h(q) = 2647*q - 155484. Calculate h(59).
689
Let i(h) = 4*h**2 - 272*h + 169. Determine i(69).
445
Let r(g) = 2124*g - 97695. Determine r(46).
9
Let v(d) = -2*d**3 - 107*d**2 + 354*d - 795. What is v(-57)?
1770
Let n(s) = 4*s**3 - 75*s**2 + 216*s + 8. Determine n(15).
-127
Let m(r) = 655*r + 110016. Determine m(-168).
-24
Let k(t) = -3*t**2 + 1315*t - 69978. Give k(62).
20
Let a(x) = 290*x + 96356. Determine a(-356).
-6884
Let o(b) = -2559519*b + 12797587. Calculate o(5).
-8
Let y(j) = -24993*j + 28. What is y(0)?
28
Let q(x) = x**3 - 407*x**2 - 1650*x + 2349. What is q(411)?
-117
Let x(m) = -4312*m - 69015. Calculate x(-16).
-23
Let k(z) = z**2 - 4937*z + 417159. Give k(86).
-27
Let q(a) = 5*a**2 + 24*a + 225. Give q(7).
638
Let t(z) = -z**3 + 398*z**2 - 1281*z + 37974. What is t(395)?
54
Let n(f) = 19*f**3 - 2*f**2 - 5*f - 27. Determine n(-3).
-543
Let m(k) = -1400*k + 4689. What is m(3)?
489
Let x(n) = -n**2 + 161*n + 40622. Calculate x(-137).
-204
Let x(r) = 1650*r - 465301. Give x(282).
-1
Let j(z) = 1108*z - 22198. What is j(20)?
-38
Let c(k) = -101*k**2 + 824*k + 766. Determine c(9).
1
Let s(h) = 29*h**2 + 209*h + 831. What is s(-4)?
459
Let t(n) = 38*n + 429. Determine t(-11).
11
Let v(b) = 4*b**3 - 4*b**2 - 14*b - 2297. Determine v(0).
-2297
Let y(t) = -t**3 + 8*t**2 + 488*t + 940. What is y(-2)?
4
Let x(i) = 1720*i - 2307. What is x(2)?
1133
Let y(g) = -g**2 - 25*g + 3705. Calculate y(-67).
891
Let i(r) = -9*r**2 + 2300*r - 5812. Determine i(253).
7
Let g(u) = 1645868*u + 29625641. What is g(-18